{"id":3148,"date":"2026-03-09T23:11:25","date_gmt":"2026-03-10T04:11:25","guid":{"rendered":"https:\/\/surestepanama.org\/pagos\/?post_type=product&#038;p=3148"},"modified":"2026-04-19T17:21:03","modified_gmt":"2026-04-19T22:21:03","slug":"camiseta-camporee-conquistadores-2026","status":"publish","type":"product","link":"https:\/\/surestepanama.org\/pagos\/producto\/camiseta-camporee-conquistadores-2026\/","title":{"rendered":"Camiseta Camporee Conquistadores 2026"},"content":{"rendered":"","protected":false},"excerpt":{"rendered":"<p>Camiseta Oficial del IV Camporee de Gu\u00edas Mayores 2025<\/p>\n","protected":false},"featured_media":3363,"template":"","meta":{"om_disable_all_campaigns":false},"product_brand":[],"product_cat":[143],"product_tag":[],"class_list":{"0":"post-3148","1":"product","2":"type-product","3":"status-publish","4":"has-post-thumbnail","6":"product_cat-conquistadores-2026","7":"pa_tallas-71","8":"pa_tallas-72","9":"pa_tallas-73","10":"pa_tallas-74","11":"pa_tallas-75","12":"pa_tallas-67","13":"pa_tallas-2xl","14":"pa_tallas-3xl","15":"pa_tallas-68","16":"pa_tallas-4xl","17":"pa_tallas-69","18":"pa_tallas-70","19":"pa_tallas-l","20":"pa_tallas-m","21":"pa_tallas-s","22":"pa_tallas-xl","24":"first","25":"instock","26":"shipping-taxable","27":"purchasable","28":"product-type-variable"},"yoast_head":"<!-- This site is optimized with the Yoast SEO plugin v27.4 - https:\/\/yoast.com\/product\/yoast-seo-wordpress\/ -->\n<title>Camiseta Camporee Conquistadores 2026 - Sureste Digital<\/title>\n<meta name=\"description\" content=\"INGRESA EN ESTE LINK PARA ADQUIRIR LA CAMISETA DEL IV CAMPOREE DE CONQUISTADORES DE LA MISI\u00d3N SURESTE PANAME\u00d1A\" \/>\n<meta name=\"robots\" content=\"index, follow, max-snippet:-1, max-image-preview:large, max-video-preview:-1\" \/>\n<link rel=\"canonical\" href=\"https:\/\/surestepanama.org\/pagos\/producto\/camiseta-camporee-conquistadores-2026\/\" \/>\n<meta property=\"og:locale\" content=\"es_ES\" \/>\n<meta property=\"og:type\" content=\"article\" \/>\n<meta property=\"og:title\" content=\"CAMISETA DEL IV CAMPOREE DE CONQUISTADORES DE LA MISI\u00d3N SURESTE PANAME\u00d1A\" \/>\n<meta property=\"og:description\" content=\"INGRESA EN ESTE LINK PARA ADQUIRIR LA CAMISETA DEL IV CAMPOREE DE CONQUISTADORES DE LA MISI\u00d3N SURESTE PANAME\u00d1A\" \/>\n<meta property=\"og:url\" content=\"https:\/\/surestepanama.org\/pagos\/producto\/camiseta-camporee-conquistadores-2026\/\" \/>\n<meta property=\"og:site_name\" content=\"Sureste Digital\" \/>\n<meta property=\"article:modified_time\" content=\"2026-04-19T22:21:03+00:00\" \/>\n<meta property=\"og:image\" content=\"https:\/\/surestepanama.org\/pagos\/wp-content\/uploads\/2026\/03\/1000300561.jpg\" \/>\n\t<meta property=\"og:image:width\" content=\"799\" \/>\n\t<meta property=\"og:image:height\" content=\"793\" \/>\n\t<meta property=\"og:image:type\" content=\"image\/jpeg\" \/>\n<meta name=\"twitter:card\" content=\"summary_large_image\" \/>\n<meta name=\"twitter:label1\" content=\"Tiempo de lectura\" \/>\n\t<meta name=\"twitter:data1\" content=\"1 minuto\" \/>\n<script type=\"application\/ld+json\" class=\"yoast-schema-graph\">{\"@context\":\"https:\\\/\\\/schema.org\",\"@graph\":[{\"@type\":\"WebPage\",\"@id\":\"https:\\\/\\\/surestepanama.org\\\/pagos\\\/producto\\\/camiseta-camporee-conquistadores-2026\\\/\",\"url\":\"https:\\\/\\\/surestepanama.org\\\/pagos\\\/producto\\\/camiseta-camporee-conquistadores-2026\\\/\",\"name\":\"Camiseta Camporee Conquistadores 2026 - Sureste Digital\",\"isPartOf\":{\"@id\":\"https:\\\/\\\/surestepanama.org\\\/pagos\\\/#website\"},\"primaryImageOfPage\":{\"@id\":\"https:\\\/\\\/surestepanama.org\\\/pagos\\\/producto\\\/camiseta-camporee-conquistadores-2026\\\/#primaryimage\"},\"image\":{\"@id\":\"https:\\\/\\\/surestepanama.org\\\/pagos\\\/producto\\\/camiseta-camporee-conquistadores-2026\\\/#primaryimage\"},\"thumbnailUrl\":\"https:\\\/\\\/surestepanama.org\\\/pagos\\\/wp-content\\\/uploads\\\/2026\\\/03\\\/1000300561.jpg\",\"datePublished\":\"2026-03-10T04:11:25+00:00\",\"dateModified\":\"2026-04-19T22:21:03+00:00\",\"description\":\"INGRESA EN ESTE LINK PARA ADQUIRIR LA CAMISETA DEL IV CAMPOREE DE CONQUISTADORES DE LA MISI\u00d3N SURESTE PANAME\u00d1A\",\"breadcrumb\":{\"@id\":\"https:\\\/\\\/surestepanama.org\\\/pagos\\\/producto\\\/camiseta-camporee-conquistadores-2026\\\/#breadcrumb\"},\"inLanguage\":\"es\",\"potentialAction\":[{\"@type\":\"ReadAction\",\"target\":[\"https:\\\/\\\/surestepanama.org\\\/pagos\\\/producto\\\/camiseta-camporee-conquistadores-2026\\\/\"]}]},{\"@type\":\"ImageObject\",\"inLanguage\":\"es\",\"@id\":\"https:\\\/\\\/surestepanama.org\\\/pagos\\\/producto\\\/camiseta-camporee-conquistadores-2026\\\/#primaryimage\",\"url\":\"https:\\\/\\\/surestepanama.org\\\/pagos\\\/wp-content\\\/uploads\\\/2026\\\/03\\\/1000300561.jpg\",\"contentUrl\":\"https:\\\/\\\/surestepanama.org\\\/pagos\\\/wp-content\\\/uploads\\\/2026\\\/03\\\/1000300561.jpg\",\"width\":799,\"height\":793},{\"@type\":\"BreadcrumbList\",\"@id\":\"https:\\\/\\\/surestepanama.org\\\/pagos\\\/producto\\\/camiseta-camporee-conquistadores-2026\\\/#breadcrumb\",\"itemListElement\":[{\"@type\":\"ListItem\",\"position\":1,\"name\":\"Home\",\"item\":\"https:\\\/\\\/surestepanama.org\\\/pagos\\\/\"},{\"@type\":\"ListItem\",\"position\":2,\"name\":\"Shop\",\"item\":\"https:\\\/\\\/surestepanama.org\\\/pagos\\\/shop\\\/\"},{\"@type\":\"ListItem\",\"position\":3,\"name\":\"Camiseta Camporee Conquistadores 2026\"}]},{\"@type\":\"WebSite\",\"@id\":\"https:\\\/\\\/surestepanama.org\\\/pagos\\\/#website\",\"url\":\"https:\\\/\\\/surestepanama.org\\\/pagos\\\/\",\"name\":\"Sureste Digital\",\"description\":\"\",\"publisher\":{\"@id\":\"https:\\\/\\\/surestepanama.org\\\/pagos\\\/#organization\"},\"potentialAction\":[{\"@type\":\"SearchAction\",\"target\":{\"@type\":\"EntryPoint\",\"urlTemplate\":\"https:\\\/\\\/surestepanama.org\\\/pagos\\\/?s={search_term_string}\"},\"query-input\":{\"@type\":\"PropertyValueSpecification\",\"valueRequired\":true,\"valueName\":\"search_term_string\"}}],\"inLanguage\":\"es\"},{\"@type\":\"Organization\",\"@id\":\"https:\\\/\\\/surestepanama.org\\\/pagos\\\/#organization\",\"name\":\"Sureste Digital\",\"url\":\"https:\\\/\\\/surestepanama.org\\\/pagos\\\/\",\"logo\":{\"@type\":\"ImageObject\",\"inLanguage\":\"es\",\"@id\":\"https:\\\/\\\/surestepanama.org\\\/pagos\\\/#\\\/schema\\\/logo\\\/image\\\/\",\"url\":\"\",\"contentUrl\":\"\",\"caption\":\"Sureste Digital\"},\"image\":{\"@id\":\"https:\\\/\\\/surestepanama.org\\\/pagos\\\/#\\\/schema\\\/logo\\\/image\\\/\"}}]}<\/script>\n<!-- \/ Yoast SEO plugin. -->","yoast_head_json":{"title":"Camiseta Camporee Conquistadores 2026 - Sureste Digital","description":"INGRESA EN ESTE LINK PARA ADQUIRIR LA CAMISETA DEL IV CAMPOREE DE CONQUISTADORES DE LA MISI\u00d3N SURESTE PANAME\u00d1A","robots":{"index":"index","follow":"follow","max-snippet":"max-snippet:-1","max-image-preview":"max-image-preview:large","max-video-preview":"max-video-preview:-1"},"canonical":"https:\/\/surestepanama.org\/pagos\/producto\/camiseta-camporee-conquistadores-2026\/","og_locale":"es_ES","og_type":"article","og_title":"CAMISETA DEL IV CAMPOREE DE CONQUISTADORES DE LA MISI\u00d3N SURESTE PANAME\u00d1A","og_description":"INGRESA EN ESTE LINK PARA ADQUIRIR LA CAMISETA DEL IV CAMPOREE DE CONQUISTADORES DE LA MISI\u00d3N SURESTE PANAME\u00d1A","og_url":"https:\/\/surestepanama.org\/pagos\/producto\/camiseta-camporee-conquistadores-2026\/","og_site_name":"Sureste Digital","article_modified_time":"2026-04-19T22:21:03+00:00","og_image":[{"width":799,"height":793,"url":"https:\/\/surestepanama.org\/pagos\/wp-content\/uploads\/2026\/03\/1000300561.jpg","type":"image\/jpeg"}],"twitter_card":"summary_large_image","twitter_misc":{"Tiempo de lectura":"1 minuto"},"schema":{"@context":"https:\/\/schema.org","@graph":[{"@type":"WebPage","@id":"https:\/\/surestepanama.org\/pagos\/producto\/camiseta-camporee-conquistadores-2026\/","url":"https:\/\/surestepanama.org\/pagos\/producto\/camiseta-camporee-conquistadores-2026\/","name":"Camiseta Camporee Conquistadores 2026 - Sureste Digital","isPartOf":{"@id":"https:\/\/surestepanama.org\/pagos\/#website"},"primaryImageOfPage":{"@id":"https:\/\/surestepanama.org\/pagos\/producto\/camiseta-camporee-conquistadores-2026\/#primaryimage"},"image":{"@id":"https:\/\/surestepanama.org\/pagos\/producto\/camiseta-camporee-conquistadores-2026\/#primaryimage"},"thumbnailUrl":"https:\/\/surestepanama.org\/pagos\/wp-content\/uploads\/2026\/03\/1000300561.jpg","datePublished":"2026-03-10T04:11:25+00:00","dateModified":"2026-04-19T22:21:03+00:00","description":"INGRESA EN ESTE LINK PARA ADQUIRIR LA CAMISETA DEL IV CAMPOREE DE CONQUISTADORES DE LA MISI\u00d3N SURESTE PANAME\u00d1A","breadcrumb":{"@id":"https:\/\/surestepanama.org\/pagos\/producto\/camiseta-camporee-conquistadores-2026\/#breadcrumb"},"inLanguage":"es","potentialAction":[{"@type":"ReadAction","target":["https:\/\/surestepanama.org\/pagos\/producto\/camiseta-camporee-conquistadores-2026\/"]}]},{"@type":"ImageObject","inLanguage":"es","@id":"https:\/\/surestepanama.org\/pagos\/producto\/camiseta-camporee-conquistadores-2026\/#primaryimage","url":"https:\/\/surestepanama.org\/pagos\/wp-content\/uploads\/2026\/03\/1000300561.jpg","contentUrl":"https:\/\/surestepanama.org\/pagos\/wp-content\/uploads\/2026\/03\/1000300561.jpg","width":799,"height":793},{"@type":"BreadcrumbList","@id":"https:\/\/surestepanama.org\/pagos\/producto\/camiseta-camporee-conquistadores-2026\/#breadcrumb","itemListElement":[{"@type":"ListItem","position":1,"name":"Home","item":"https:\/\/surestepanama.org\/pagos\/"},{"@type":"ListItem","position":2,"name":"Shop","item":"https:\/\/surestepanama.org\/pagos\/shop\/"},{"@type":"ListItem","position":3,"name":"Camiseta Camporee Conquistadores 2026"}]},{"@type":"WebSite","@id":"https:\/\/surestepanama.org\/pagos\/#website","url":"https:\/\/surestepanama.org\/pagos\/","name":"Sureste Digital","description":"","publisher":{"@id":"https:\/\/surestepanama.org\/pagos\/#organization"},"potentialAction":[{"@type":"SearchAction","target":{"@type":"EntryPoint","urlTemplate":"https:\/\/surestepanama.org\/pagos\/?s={search_term_string}"},"query-input":{"@type":"PropertyValueSpecification","valueRequired":true,"valueName":"search_term_string"}}],"inLanguage":"es"},{"@type":"Organization","@id":"https:\/\/surestepanama.org\/pagos\/#organization","name":"Sureste Digital","url":"https:\/\/surestepanama.org\/pagos\/","logo":{"@type":"ImageObject","inLanguage":"es","@id":"https:\/\/surestepanama.org\/pagos\/#\/schema\/logo\/image\/","url":"","contentUrl":"","caption":"Sureste Digital"},"image":{"@id":"https:\/\/surestepanama.org\/pagos\/#\/schema\/logo\/image\/"}}]}},"jetpack_sharing_enabled":true,"_links":{"self":[{"href":"https:\/\/surestepanama.org\/pagos\/wp-json\/wp\/v2\/product\/3148","targetHints":{"allow":["GET"]}}],"collection":[{"href":"https:\/\/surestepanama.org\/pagos\/wp-json\/wp\/v2\/product"}],"about":[{"href":"https:\/\/surestepanama.org\/pagos\/wp-json\/wp\/v2\/types\/product"}],"wp:featuredmedia":[{"embeddable":true,"href":"https:\/\/surestepanama.org\/pagos\/wp-json\/wp\/v2\/media\/3363"}],"wp:attachment":[{"href":"https:\/\/surestepanama.org\/pagos\/wp-json\/wp\/v2\/media?parent=3148"}],"wp:term":[{"taxonomy":"product_brand","embeddable":true,"href":"https:\/\/surestepanama.org\/pagos\/wp-json\/wp\/v2\/product_brand?post=3148"},{"taxonomy":"product_cat","embeddable":true,"href":"https:\/\/surestepanama.org\/pagos\/wp-json\/wp\/v2\/product_cat?post=3148"},{"taxonomy":"product_tag","embeddable":true,"href":"https:\/\/surestepanama.org\/pagos\/wp-json\/wp\/v2\/product_tag?post=3148"}],"curies":[{"name":"wp","href":"https:\/\/api.w.org\/{rel}","templated":true}]}}